e of 139?
False
Is 335 a factor of 57285?
True
Is 52 a factor of 16016?
True
Does 44 divide 616?
True
Does 65 divide 1170?
True
Is 16281 a multiple of 27?
True
Does 10 divide 1971?
False
Is 75 a factor of 900?
True
Is 3035 a multiple of 13?
False
Is 182 a multiple of 70?
False
Is 4 a factor of 8765?
False
Is 202 a multiple of 15?
False
Is 50 a factor of 4596?
False
Is 4 a factor of 944?
True
Does 18 divide 11574?
True
Does 21 divide 5132?
False
Is 2000 a multiple of 25?
True
Is 5070 a multiple of 27?
False
Is 259 a multiple of 2?
False
Does 4 divide 1676?
True
Is 27322 a multiple of 156?
False
Does 18 divide 972?
True
Is 23 a factor of 4268?
False
Does 155 divide 25064?
False
Is 1196 a multiple of 13?
True
Does 3 divide 204?
True
Does 52 divide 624?
True
Does 25 divide 35175?
True
Is 105 a factor of 1470?
True
Does 152 divide 3952?
True
Does 27 divide 7992?
True
Does 5 divide 3653?
False
Is 32 a multiple of 3?
False
Is 136 a factor of 7164?
False
Is 10024 a multiple of 165?
False
Does 5 divide 1900?
True
Is 13 a factor of 1235?
True
Is 634 a multiple of 4?
False
Does 2 divide 250?
True
Does 48 divide 1200?
True
Is 74 a factor of 370?
True
Is 8 a factor of 35144?
True
Is 5727 a multiple of 69?
True
Is 3493 a multiple of 24?
False
Does 61 divide 10736?
True
Is 30 a factor of 90?
True
Is 205 a multiple of 14?
False
Does 18 divide 139?
False
Is 847 a multiple of 20?
False
Does 6 divide 495?
False
Is 14 a factor of 24139?
False
Is 3 a factor of 10?
False
Does 8 divide 3053?
False
Does 23 divide 73?
False
Is 2587 a multiple of 13?
True
Does 11 divide 6556?
True
Is 58 a factor of 3013?
False
Does 28 divide 6664?
True
Does 63 divide 371?
False
Does 60 divide 2514?
False
Does 15 divide 180?
True
Is 15 a factor of 1190?
False
Is 640 a multiple of 8?
True
Does 15 divide 2445?
True
Is 8300 a multiple of 22?
False
Is 37 a factor of 1179?
False
Is 69 a factor of 193?
False
Does 91 divide 2093?
True
Is 12 a factor of 2400?
True
Does 20 divide 177?
False
Does 27 divide 17190?
False
Is 13 a factor of 585?
True
Is 4 a factor of 4764?
True
Is 36608 a multiple of 11?
True
Is 2252 a multiple of 23?
False
Is 10 a factor of 14690?
True
Does 63 divide 522?
False
Is 15 a factor of 1335?
True
Does 236 divide 77321?
False
Is 51 a factor of 6171?
True
Is 9 a factor of 1080?
True
Does 189 divide 2835?
True
Does 14 divide 1839?
False
Does 71 divide 931?
False
Does 19 divide 1815?
False
Does 15 divide 10223?
False
Does 4 divide 9620?
True
Does 45 divide 2250?
True
Does 28 divide 12964?
True
Does 11 divide 88?
True
Does 10 divide 2890?
True
Is 855 a multiple of 15?
True
Is 15 a factor of 2355?
True
Does 4 divide 8564?
True
Does 75 divide 791?
False
Is 8 a factor of 1408?
True
Is 104 a multiple of 13?
True
Is 2 a factor of 23?
False
Is 80 a factor of 25920?
True
Is 62 a factor of 3529?
False
Is 327 even?
False
Does 2 divide 88?
True
Does 11 divide 53134?
False
Does 73 divide 657?
True
Is 3 a factor of 86?
False
Is 232 a factor of 48203?
False
Is 11550 a multiple of 14?
True
Is 92 a factor of 1763?
False
Is 440 a multiple of 32?
False
Is 170 even?
True
Is 136018 a multiple of 399?
False
Is 18668 a multiple of 190?
False
Is 12250 a multiple of 25?
True
Is 8 a factor of 7486?
False
Does 25 divide 628?
False
Is 21447 a multiple of 11?
False
Does 103 divide 8356?
False
Is 1440 a multiple of 16?
True
Is 1075 a multiple of 4?
False
Is 78384 a multiple of 23?
True
Is 98 a factor of 2254?
True
Is 2889 a multiple of 27?
True
Is 92 a factor of 986?
False
Is 1200 a multiple of 12?
True
Is 125 a multiple of 5?
True
Does 12 divide 1006?
False
Is 60 a factor of 947?
False
Does 27 divide 26519?
False
Does 8 divide 1099?
False
Does 7 divide 1400?
True
Does 36 divide 11139?
False
Is 21 a factor of 868?
False
Is 28070 a multiple of 5?
True
Is 131 a factor of 1421?
False
Does 6 divide 1549?
False
Is 14 a factor of 4041?
False
Is 15435 a multiple of 166?
False
Does 50 divide 1200?
True
Is 144 a factor of 1584?
True
Does 47 divide 2444?
True
Is 17586 a multiple of 18?
True
Is 54 a factor of 702?
True
Is 60 a factor of 420?
True
Is 12 a factor of 3606?
False
Does 12 divide 2508?
True
Does 21 divide 2226?
True
Is 6 a factor of 500?
False
Is 46685 a multiple of 28?
False
Is 792 a multiple of 15?
False
Is 8806 a multiple of 56?
False
Does 12 divide 5460?
True
Is 1380 a multiple of 92?
True
Is 12 a factor of 3120?
True
Is 821 a multiple of 9?
False
Is 132 a multiple of 28?
False
Does 13 divide 208?
True
Is 72 a factor of 5958?
False
Is 1835 a multiple of 7?
False
Is 104964 a multiple of 418?
False
Does 14 divide 1288?
True
Is 11 a factor of 85228?
True
Is 2388 a multiple of 7?
False
Is 782 a multiple of 34?
True
Is 94680 a multiple of 62?
False
Is 88 a factor of 6160?
True
Does 36 divide 4140?
True
Does 24 divide 1080?
True
Does 172 divide 9976?
True
Is 19 a factor of 1900?
True
Is 5839 a multiple of 9?
False
Is 125720 a multiple of 35?
True
Is 83 a factor of 123836?
True
Does 21 divide 2142?
True
Is 72 a factor of 72001?
False
Does 15 divide 6750?
True
Is 144 a multiple of 12?
True
Does 16 divide 5608?
False
Does 9 divide 873?
True
Does 16 divide 531?
False
Is 2466 a multiple of 13?
False
Is 3 a factor of 60?
True
Is 30984 a multiple of 5?
False
Is 14 a factor of 1288?
True
Is 6 a factor of 816?
True
Does 34 divide 1394?
True
Is 6474 a multiple of 43?
False
Is 11 a factor of 440?
True
Is 63 a factor of 29692?
False
Is 10 a factor of 510?
True
Does 9 divide 180?
True
Is 29136 a multiple of 16?
True
Does 123 divide 2460?
True
Is 47164 a multiple of 34?
False
Is 32250 a multiple of 129?
True
Does 2 divide 794?
True
Is 14 a factor of 266?
True
Is 356 a multiple of 20?
False
Is 12 a factor of 3000?
True
Is 15 a factor of 2085?
True
Is 45926 a multiple of 25?
False
Does 15 divide 1011?
False
Is 133 a factor of 16492?
True
Is 3040 a multiple of 38?
True
Is 3 a factor of 16109?
False
Is 52 a factor of 6257?
False
Is 16958 a multiple of 122?
True
Is 45805 a multiple of 206?
False
Is 845 a multiple of 58?
False
Is 10 a factor of 2047?
False
Is 4 a factor of 4732?
True
Does 155 divide 22449?
False
Is 80 a factor of 45548?
False
Is 10181 a multiple of 8?
False
Is 17 a factor of 697?
True
Is 2958 a multiple of 17?
True
Is 104 a factor of 669?
False
Does 36 divide 252?
True
Is 476 a multiple of 34?
True
Is 133 a factor of 9125?
False
Is 52 a factor of 14491?
False
Is 23 a factor of 1755?
False
Is 45 a factor of 1935?
True
Does 120 divide 22320?
True
Is 5 a factor of 1086?
False
Does 18 divide 8946?
True
Is 8 a factor of 5745?
False
Is 26 a factor of 1924?
True
Is 72804 a multiple of 97?
False
Is 20 a factor of 32380?
True
Is 4 a factor of 8629?
False
Is 176958 a multiple of 113?
True
Is 18 a factor of 8920?
False
Does 116 divide 1184?
False
Does 19 divide 133?
True
Does 48 divide 432?
True
Is 355 a multiple of 15?
False
Is 16 a factor of 12381?
False
Does 4 divide 576?
True
Does 30 divide 21780?
True
Does 24 divide 528?
True
Does 147 divide 38416?
False
Is 1390 a multiple of 10?
True
Is 663 a multiple of 13?
True
Is 24 a factor of 16711?
False
Is 18054 a multiple of 51?
True
Is 210 a multiple of 35?
True
Is 4987 a multiple of 58?
False
Is 6278 a multiple of 146?
True
Is 32 a factor of 1052?
False
Does 85 divide 39355?
True
Is 39 a factor of 17316?
True
Is 21 a factor of 671?
False
Is 108215 a multiple of 13?
False
Is 22 a factor of 2420?
True
Is 147 a multiple of 29?
False
Is 403 a multiple of 38?
False
Is 108 a multiple of 3?
True
Does 78 divide 15834?
True
Is 166 a factor of 31258?
False
Is 278 a factor of 68388?
True
Is 6000 a multiple of 15?
True
Is 8122 a multiple of 62?
True
Is 32 a factor of 160?
True
Does 51 divide 663?
True
Does 29 divide 14925?
False
Is 49 a factor of 18778?
False
Does 2 divide 19?
False
Is 6 a factor of 667?
False
Is 40 a factor of 2920?
True
Is 442 a multiple of 26?
True
Does 84 divide 1174?
False
Is 121 a multiple of 6?
False
Is 641 a multiple of 39?
False
Does 8 divide 264?
True
Does 26 divide 2964?
True
Does 20 divide 8640?
True
Is 30 a factor of 765?
False
Does 31 divide 883?
False
Is 10976 a multiple of 10?
False
Is 39015 a multiple of 148?
False
Is 4 a factor of 16?
True
Is 18 a factor of 11538?
True
Is 4874 a multiple of 11?
False
Does 7 divide 28?
True
Does 18 divide 56?
Fa